7
What is the remainder when 11282 is divided by 339?
95
Calculate the remainder when 10400 is divided by 3455.
35
What is the remainder when 21118 is divided by 681?
7
What is the remainder when 23176 is divided by 3856?
40
Calculate the remainder when 1089097 is divided by 19.
17
Calculate the remainder when 9586 is divided by 5.
1
What is the remainder when 6141 is divided by 5?
1
What is the remainder when 2332 is divided by 1767?
565
Calculate the remainder when 277254 is divided by 11089.
29
Calculate the remainder when 58845 is divided by 1898.
7
Calculate the remainder when 648 is divided by 93.
90
Calculate the remainder when 68248 is divided by 30.
28
What is the remainder when 14756 is divided by 2231?
1370
What is the remainder when 2312 is divided by 236?
188
Calculate the remainder when 4516222 is divided by 32.
30
What is the remainder when 12056 is divided by 316?
48
Calculate the remainder when 147847 is divided by 25.
22
Calculate the remainder when 17867 is divided by 8925.
17
Calculate the remainder when 31832 is divided by 884.
8
What is the remainder when 20604 is divided by 368?
364
Calculate the remainder when 41702 is divided by 95.
92
Calculate the remainder when 1686 is divided by 41.
5
Calculate the remainder when 110039 is divided by 393.
392
Calculate the remainder when 14794 is divided by 170.
4
What is the remainder when 1328746 is divided by 6?
4
What is the remainder when 1530 is divided by 72?
18
Calculate the remainder when 21914 is divided by 61.
15
What is the remainder when 8138 is divided by 2656?
170
What is the remainder when 7595951 is divided by 91?
90
What is the remainder when 1021393 is divided by 13?
9
Calculate the remainder when 339370 is divided by 53.
11
What is the remainder when 4284 is divided by 430?
414
What is the remainder when 1655 is divided by 61?
8
Calculate the remainder when 24528 is divided by 7.
0
Calculate the remainder when 1363826 is divided by 390.
386
Calculate the remainder when 5408064 is divided by 551.
550
What is the remainder when 12596 is divided by 1792?
52
What is the remainder when 7594 is divided by 71?
68
What is the remainder when 47428 is divided by 31?
29
What is the remainder when 40499 is divided by 36?
35
What is the remainder when 22435 is divided by 19?
15
What is the remainder when 94542 is divided by 12?
6
What is the remainder when 270775 is divided by 61?
57
Calculate the remainder when 32027 is divided by 102.
101
Calculate the remainder when 1247949 is divided by 110.
109
What is the remainder when 20373 is divided by 167?
166
Calculate the remainder when 1489 is divided by 67.
15
Calculate the remainder when 4930 is divided by 172.
114
Calculate the remainder when 2232 is divided by 46.
24
What is the remainder when 71245 is divided by 57?
52
Calculate the remainder when 710495 is divided by 236829.
8
What is the remainder when 30474 is divided by 497?
157
Calculate the remainder when 3090 is divided by 460.
330
Calculate the remainder when 12132 is divided by 3446.
1794
Calculate the remainder when 426568 is divided by 590.
588
What is the remainder when 1222 is divided by 71?
15
Calculate the remainder when 24048 is divided by 1093.
2
Calculate the remainder when 274847 is divided by 10.
7
What is the remainder when 1499 is divided by 132?
47
What is the remainder when 1858 is divided by 300?
58
Calculate the remainder when 239348 is divided by 24.
20
Calculate the remainder when 160377 is divided by 22910.
7
What is the remainder when 75145 is divided by 15?
10
What is the remainder when 63782 is divided by 686?
670
Calculate the remainder when 1000 is divided by 13.
12
Calculate the remainder when 1663396 is divided by 3.
1
Calculate the remainder when 1198 is divided by 384.
46
Calculate the remainder when 1395 is divided by 636.
123
What is the remainder when 17939 is divided by 256?
19
What is the remainder when 173737 is divided by 69?
64
Calculate the remainder when 1222 is divided by 583.
56
What is the remainder when 588970 is divided by 14365?
5
What is the remainder when 3752 is divided by 381?
323
Calculate the remainder when 29899 is divided by 5975.
24
What is the remainder when 20238 is divided by 505?
38
Calculate the remainder when 32880 is divided by 7904.
1264
What is the remainder when 2061 is divided by 517?
510
What is the remainder when 35920 is divided by 1446?
1216
Calculate the remainder when 349518 is divided by 20.
18
What is the remainder when 7581 is divided by 47?
14
What is the remainder when 4952 is divided by 502?
434
What is the remainder when 182755 is divided by 2574?
1
Calculate the remainder when 1375 is divided by 458.
1
Calculate the remainder when 77738 is divided by 1095.
1088
Calculate the remainder when 8653 is divided by 794.
713
Calculate the remainder when 1661 is divided by 184.
5
Calculate the remainder when 6106 is divided by 1921.
343
Calculate the remainder when 7150 is divided by 98.
94
Calculate the remainder when 3189 is divided by 60.
9
What is the remainder when 37942 is divided by 4?
2
Calculate the remainder when 4390 is divided by 105.
85
Calculate the remainder when 3879 is divided by 1834.
211
What is the remainder when 200883 is divided by 21?
18
Calculate the remainder when 3753 is divided by 3724.
29
What is the remainder when 7916 is divided by 24?
20
What is the remainder when 14883 is divided by 7432?
19
Calculate the remainder when 4755 is divided by 946.
25
Calculate the remainder when 30040 is divided by 29378.
662
Calculate the remainder when 2082 is divided by 108.
30
What is the remainder when 15555 is divided by 166?
117
What is the remainder when 70145 is divided by 494?
491
Calculate the remainder when 415748 is divided by 250.
248
Calculate the remainder when 9454 is divided by 1890.
4
What is the remainder when 26455 is divided by 42?
37
What is the remainder when 82324 is divided by 41?
37
What is the remainder when 831682 is divided by 24?
10
What is the remainder when 179023 is divided by 25568?
47
What is the remainder when 282869 is divided by 47141?
23
What is the remainder when 18871 is divided by 1796?
911
Calculate the remainder when 87939 is divided by 2149.
1979
Calculate the remainder when 176604 is divided by 31.
28
Calculate the remainder when 203269 is divided by 67755.
4
Calculate the remainder when 321928 is divided by 10.
8
Calculate the remainder when 7528 is divided by 1484.
108
What is the remainder when 194151 is divided by 515?
511
What is the remainder when 115433 is divided by 586?
577
What is the remainder when 2410 is divided by 691?
337
What is the remainder when 7345 is divided by 6967?
378
What is the remainder when 2254 is divided by 305?
119
Calculate the remainder when 2217 is divided by 26.
7
What is the remainder when 38052 is divided by 67?
63
Calculate the remainder when 189656 is divided by 217.
215
Calculate the remainder when 24842 is divided by 12385.
72
What is the remainder when 76685 is divided by 308?
301
Calculate the remainder when 925 is divided by 44.
1
Calculate the remainder when 1345 is divided by 157.
89
What is the remainder when 21489 is divided by 199?
196
Calculate the remainder when 1049 is divided by 62.
57
Calculate the remainder when 1881 is divided by 200.
81
Calculate the remainder when 951 is divided by 142.
99
Calculate the remainder when 142558 is divided by 37.
34
Calculate the remainder when 12624 is divided by 22.
18
What is the remainder when 11296 is divided by 256?
32
Calculate the remainder when 3657 is divided by 624.
537
Calculate the remainder when 4621 is divided by 91.
71
Calculate the remainder when 141339 is divided by 43.
41
What is the remainder when 6905 is divided by 201?
71
What is the remainder when 206774 is divided by 243?
224
Calculate the remainder when 1618 is divided by 809.
0
What is the remainder when 21218 is divided by 40?
18
What is the remainder when 37646 is divided by 23?
18
What is the remainder when 13818928 is divided by 10?
8
Calculate the remainder when 30739 is divided by 168.
163
What is the remainder when 19089 is divided by 346?
59
What is the remainder when 3220 is divided by 1558?
104
What is the remainder when 393511 is divided by 99?
85
What is the r